 + d = -f + 27, 57 = 5*d - f. Suppose 43 + 3 = a. What is the remainder when a is divided by d?
10
Suppose t = 4*y - 2*y + 3, -2*t - 5*y = 21. Calculate the remainder when 19 is divided by 124/12 - 2/t.
8
Let o be -4 + (-4)/(-2) + 5. Suppose -2*j = 2*r - 6*j - 40, 2*r = -o*j + 54. Let p = -94 + 164. What is the remainder when p is divided by r?
22
Let i be (2 - (-2)/(-1))*-1. Let d(w) = i + 3*w**2 + 4*w**2 + w**3 - 3 - 4. Calculate the remainder when d(-5) is divided by 11.
10
Let k be 1*29 - (10 - 9). Suppose 2*h - 18 - k = 0. Calculate the remainder when h is divided by 12.
11
Suppose 9*b - 48 = 5*b. Let d(y) = 32*y + 2. What is the remainder when d(1) is divided by b?
10
Suppose -5*u = 4*i - 56 - 175, -4*u - 5*i + 183 = 0. Calculate the remainder when u is divided by 12.
11
Let o(a) = -a**3 - a + 9. Calculate the remainder when 44 is divided by o(0).
8
Let k(n) = -n**3 - 8*n**2 - 5*n + 8. What is the remainder when k(-8) is divided by 26?
22
Suppose 3*w - 48 = 18. Calculate the remainder when 41 is divided by w.
19
Let r(h) = 43*h**2 + h. Let l = 1 + 1. Suppose 0*n - 3*n + 2*v = -55, 50 = 4*n + l*v. Calculate the remainder when r(1) is divided by n.
14
What is the remainder when 51 is divided by 6*(5/((-10)/(-3)) - -3)?
24
Suppose -29 = -3*w - i, w + w + 5*i = 15. What is the remainder when 48 is divided by w?
8
Suppose i = 5*i - 8. Suppose 94 = i*a + 16. Calculate the remainder when a is divided by 10.
9
Suppose 0*x - 4*x + 2*s + 68 = 0, -x = -4*s - 17. Let c = 28 + -17. Suppose -7 = -3*d + c. Calculate the remainder when x is divided by d.
5
Suppose w + 11 = 100. What is the remainder when w is divided by 46?
43
Let m be (-192)/9*(-6)/2. Suppose 0 = -w - 14 + m. What is the remainder when w is divided by 17?
16
Suppose h - 4*r = 50, 4*h - 3*r = 2*r + 167. Calculate the remainder when h is divided by 16.
6
Let y(l) = 4*l + 7. Let r be y(-5). Let x = r + 26. Calculate the remainder when 37 is divided by x.
11
Let t = 286 - -68. Let z(l) = l**2 + 7*l - 1. What is the remainder when t/14 - 4/14 is divided by z(-8)?
4
Let a = -20 - -52. Let m = 4 + -1. Suppose 14 + m = h. Calculate the remainder when a is divided by h.
15
Let x(z) = 17*z**2 + z - 1. Let d(m) = -9*m**3 + m + 4*m + 1 - 4*m. Calculate the remainder when x(1) is divided by d(-1).
8
Let x(q) = -q**3 + 4*q**2 + 7*q - 6. Let f be x(5). Suppose 0 = -f*l - 4. What is the remainder when (-47)/(l/(-2 - -3)) is divided by 16?
15
Suppose 2*x - 2*a = 8, 4*x - 3*a = -a + 20. Suppose 0 = j + 5, -2*b - 4*j + 0*j - 14 = 0. Suppose b*q - 1 = 62. Calculate the remainder when q is divided by x.
3
Calculate the remainder when 0/(2 - 3) + 55 is divided by 19.
17
Suppose 119 = -3*g - 13. Let x = g + 63. Suppose 2*q - 59 + x = -3*y, -3*q = 3*y - 39. Calculate the remainder when 54 is divided by y.
12
Let x(d) = -3*d - 2. Let q be x(2). Calculate the remainder when 45 is divided by 24/32 - 122/q.
13
Let h = -141 - -156. Calculate the remainder when h is divided by 10.
5
Suppose -2*x + 13 + 7 = 0. Suppose g + 5*w + 3 = 16, 9 = g + 3*w. What is the remainder when x is divided by g?
1
Let m(f) = 35*f - 1. Suppose 4*z + 12 = 0, -15 = b + 6*z - 3*z. Let t be ((-4)/6)/(4/b). What is the remainder when m(t) is divided by 18?
16
Let z = -18 - -36. Suppose 3*g - 60 = -z. What is the remainder when 40 is divided by g?
12
Suppose 4*y + 7 = -p, 3*p + 11*y - 14 = 6*y. Suppose p - 2 = l. What is the remainder when 43 is divided by l?
10
What is the remainder when -2 - (2 + -3) - -83 is divided by 21?
19
Suppose -8*m - 15 = -3*m. Let f = m + 47. What is the remainder when (2/(-4))/((-2)/f) is divided by 3?
2
Let t = 13 - 12. What is the remainder when 62 is divided by 22 - t*(3 - 2)?
20
Suppose -20 = 4*y - 76. Let a = 12 - 6. What is the remainder when y is divided by a?
2
Let k = -10 + 11. Let c = 8 + k. What is the remainder when 14 is divided by c?
5
Suppose -a + 152 = 5*b - 240, 3*a = b - 72. What is the remainder when b is divided by 27?
24
Let q(t) = t**3 + 6*t**2 - 9*t. Calculate the remainder when 26 is divided by q(-7).
12
Let u be 13/(-2 - (-3 + 2)). Let g = 3 - u. What is the remainder when 29 is divided by g?
13
Let h = -61 - -95. Calculate the remainder when 62 is divided by h.
28
Let v(n) = n**2 + 2*n + 2. Let x be v(0). Suppose 4*k = 20, 3*k - 46 = -x*u - k. What is the remainder when 37 is divided by u?
11
What is the remainder when 22 is divided by (1 - -11) + (1 - 5)?
6
Suppose -6 = -d - d. Let k(i) = 7*i - 4. Calculate the remainder when 65 is divided by k(d).
14
Let p(m) = -m**3 + 6*m**2 - 4*m - 1. Let y be p(4). Suppose -4*j = -y - 21. What is the remainder when 5*5/(10/6) is divided by j?
6
Suppose 0 = -2*v - 2 - 2. Let s(g) = -4*g + 1. Calculate the remainder when s(v) is divided by 5.
4
Calculate the remainder when 61 is divided by 3/(-2)*-2*95/15.
4
Let w(i) = 79*i - 15. Calculate the remainder when w(3) is divided by 32.
30
Let i = 88 + -33. Calculate the remainder when i is divided by (-2)/((-6)/57 - 0).
17
Let z be (-2)/3 - 68/(-3). Suppose -4*k - o - 80 = -0*k, -2*k - z = 5*o. Let p = k - -34. Calculate the remainder when 37 is divided by p.
11
Let o be -1 + -2 - (-6 + -2). Let s(q) = 11*q + 6. Suppose -5*l = 62 - 167. What is the remainder when s(o) is divided by l?
19
Let p = 131 - 25. What is the remainder when p is divided by 27?
25
Let q be (-6 + 2)*(-65)/4. Suppose -y = 2*y - 4*r - q, 5*y + 4*r = 119. Let o = -5 + 50. Calculate the remainder when o is divided by y.
22
Let c = -17 + 19. What is the remainder when c is divided by (-2)/(-1 + -1)*2?
0
Let r = 18 - 10. Suppose -2*d + 1 = z, 3*z = -7 + 16. Calculate the remainder when (1/2)/(d/(-30)) is divided by r.
7
Suppose -7*j + 1231 = 405. Calculate the remainder when j is divided by 32.
22
Let b = 3 + 9. Calculate the remainder when (-11)/(2/(-8)*2) is divided by b.
10
Suppose -4*c + 2*j = -26, 22 - 1 = 3*c - 2*j. Let g(s) = 2*s**2 - 6*s + 2. Let l be g(5). What is the remainder when 2 - 11/(l/(-12)) is divided by c?
3
Let v be (-8)/5*10/(-4). Suppose -2*y = -v*y + 28. Suppose 0 = -2*m - 4 + y. What is the remainder when m is divided by 2?
1
Let r(d) = 4*d**3 - 19*d**2 + 11*d - 13. Let k(v) = -3*v**3 + 13*v**2 - 7*v + 9. Let l(p) = -7*k(p) - 5*r(p). What is the remainder when l(-5) is divided by 3?
1
Let i(c) = 9*c - 7. What is the remainder when i(6) is divided by 26?
21
Let w(j) = 2*j**2 + 7*j - 15. Let o(p) = 3*p**2 + 10*p - 22. Let x(r) = 5*o(r) - 7*w(r). What is the remainder when 19 is divided by x(3)?
5
Let u = -212 - -307. What is the remainder when u is divided by 24?
23
What is the remainder when 23 is divided by (-506)/(-34) - 6/(-51)?
8
Let j = -25 - -56. Suppose -3*n = -5*y + 46, 59 + 5 = 5*y + 3*n. Calculate the remainder when j is divided by y.
9
Let v(t) = -2*t**3 - 2*t. Let c be v(-2). Let d(j) = j**3 + 5*j**2 - 2*j + 1. Let n be d(-5). Let p = c - n. Calculate the remainder when 16 is divided by p.
7
Suppose 3*a - 212 = -2*z + 7*a, -4*a = -8. Let p = -153 - -95. Let t = p + z. What is the remainder when t is divided by 18?
16
Suppose -3*q - 25 = 3*h + q, -4*q = -h + 13. Let g(z) = -3 + 2 - z + 0*z. What is the remainder when 5 is divided by g(h)?
1
Suppose -2*w = -r + 3*r - 210, 5*r = 2*w - 210. Let f(p) = p**3 + 4*p**2 - 20*p - 21. What is the remainder when w is divided by f(-6)?
24
Let b = -15 - -7. Calculate the remainder when -59*4/(b/2) is divided by 15.
14
Let o(g) = -g**3 + 12*g**2 + 4*g - 10. Let d be o(11). Suppose -2*h = 3*h - d. What is the remainder when h is divided by 8?
7
Let s(i) = -i**2 - 9*i - 2. Suppose 5*k + 10 = 0, -3*n + 4*k + 101 = 3*k. Calculate the remainder when n is divided by s(-7).
9
Let b = -12 + 30. Suppose 3*w + 5*t + 0*t - 55 = 0, -4*t = -5*w + 30. Suppose q + 0*q - w = 0. What is the remainder when b is divided by q?
8
Let c be (98/4)/7*-32. Let t = -73 - c. Calculate the remainder when t is divided by 10.
9
Let n(l) = 10*l**2 + 2*l - 3. Let f(d) = -11*d**2 - d + 2. Let z(t) = -3*f(t) - 2*n(t). Calculate the remainder when 35 is divided by z(1).
11
Let y = 27 - 2. Calculate the remainder when 49 is divided by y.
24
Let s(x) = -x - 1. Let d be s(-1). Suppose d*q = -q - 42. Calculate the remainder when q/(-8) - (-3)/(-12) is divided by 3.
2
Let s(t) = -t**3 + 5*t**2 + 6*t. Let